21. List the prime factors of k(b).
3, 5, 11
Let q be -5 + -4 + 11 - (-2 - 181). Let y(i) = -i**2 - 128. Let s be y(0). Let w = q + s. List the prime factors of w.
3, 19
Suppose 5*v - 3*m = 10911 + 8830, 3*v = -2*m + 11856. Suppose -5*u + 5*d = -v, 0 = 5*u + 4*d - 1719 - 2204. List the prime factors of u.
787
Let t(m) = -m**2 - 6*m + 42. Let k be t(-10). Suppose 0 = k*i - 2*j - 742, -1137 = -3*i - 0*j - 5*j. List the prime factors of i.
2, 11, 17
Let r be 126/(-168) - (42555/(-4) - -1). Suppose -3665 + r = 12*b. What are the prime factors of b?
7, 83
Let l be (1/2 + -1)*(-5 - 1). Let r(w) = -103*w**2 - l*w + 209*w**2 + 1 - 103*w**2. What are the prime factors of r(-5)?
7, 13
What are the prime factors of (-12)/(-14) + (5 - 188940/(-70))?
5, 541
Suppose -120 = 15*t + 15*t. Let a(h) = -100*h + 49. List the prime factors of a(t).
449
Let d = 38368 - 26638. What are the prime factors of d?
2, 3, 5, 17, 23
Let j be (-1)/(-1 + 452/448). Let l = j - -271. What are the prime factors of l?
3, 53
Let o = -9495 - -10901. List the prime factors of o.
2, 19, 37
Suppose -t = 4*j - 6745, 2*t + 20145 = 5*t - 3*j. What are the prime factors of t?
11, 13, 47
Let c(t) = -t**2 + 8*t - 1. Let z be c(1). List the prime factors of 242/(-4)*3/(z/(-8)).
2, 11
Let s(g) = 2*g - 6. Let u(d) = -d + 7. Let r(x) = -2*s(x) - 3*u(x). Let o be r(-15). What are the prime factors of 134*(o/4)/3?
67
Let f(k) = -2817*k - 926. What are the prime factors of f(-7)?
18793
Let f = -81 + 85. Let l be f/5 + (-1748)/(-115). What are the prime factors of (-2 - -1)/((-8)/l) + 295?
3, 11
Let d(n) = 135*n - 82 + 101*n - 122*n. What are the prime factors of d(8)?
2, 5, 83
Let b(h) = -4737*h - 7380. List the prime factors of b(-3).
3, 11, 23
Suppose 0 = -2*d - 3*f + 53669, -d - 3*f = -26984 + 157. What are the prime factors of d?
2, 13421
Let z(u) = -14 - 3*u + 3*u - 5*u + 2*u**2. Let j(m) = -m + 5. Let g be j(10). List the prime factors of z(g).
61
Let h(d) = -d**3 - 3*d**2 - 8*d - 8. Let v be h(-4). Let q be 2/4*(v - -4). Suppose -s = -3*i - 131 + q, -4*i + 20 = 0. List the prime factors of s.
2, 31
Let g be 10/4*8/(-10). Suppose c = -3 - 0, -3*a - 75 = -3*c. List the prime factors of (-4)/a*g + (-270)/(-14).
19
Let g(r) = -39*r + 2. Let j be g(-1). Suppose -a + 410 = -j. List the prime factors of a.
11, 41
Let d = -603 - -612. What are the prime factors of 58 + (5 - d/2)*8?
2, 31
What are the prime factors of (-43468)/7*(-5985)/3420?
10867
What are the prime factors of (-376 + (-1 - -1))*(972 + -1012)?
2, 5, 47
Let f = -291 - -342. Suppose -4*v + 255 = f. What are the prime factors of v?
3, 17
Let p be (-1503810)/(-819) + 2/(-13). Suppose -4*h + 5*c = -0*h - p, -3*h = -2*c - 1377. List the prime factors of h.
3, 17
Let w(g) = 82*g**2 + 4*g + 413. List the prime factors of w(-14).
7, 2347
Let o(q) = -q**2 - 14*q - 42. Let l be o(-5). Suppose 14*z - 5995 = l*z. List the prime factors of z.
5, 109
Suppose 2*m = 470 - 1886. Let q = 1097 + m. List the prime factors of q.
389
Suppose -c = -m + 1445, -4*m + 0*m + 5745 = 3*c. List the prime factors of m.
2, 3, 5
Let c = -53341 - -106780. What are the prime factors of c?
3, 47, 379
Suppose 9*k + 3*k - 2148 = 0. Suppose -k = 229*d - 230*d. List the prime factors of d.
179
Let z be -206*2*(-26)/(-8). Let k = 2326 + z. List the prime factors of k.
3, 7, 47
Suppose 637212 = 20*w - 135668. List the prime factors of w.
2, 9661
Suppose 0 = -n + 2*h - 6 + 152, -4*n = -3*h - 579. What are the prime factors of 36/n - 2118/(-8)?
5, 53
Let x be 201435/(-105) - 12/21. Let m = x + 3259. What are the prime factors of m?
2, 5, 67
Let a be 2 + -1 + 3637 + 9. What are the prime factors of -3*(a/(-21) - -4)?
509
Let c(n) = -407*n + 1344. What are the prime factors of c(-52)?
2, 17, 331
Suppose 13*k - 24217 - 56734 = 0. List the prime factors of k.
13, 479
Let f be (-10)/(-4)*(-24)/(-10). Suppose f*z + 4*d = z + 80, 4*z - 4*d = 28. Suppose z*q = 7*q + 1030. What are the prime factors of q?
2, 103
Let z(x) = 10 - 23*x**3 + 13*x**3 - 7*x + 11*x**3 - 2*x + 7*x**2. Let v be z(-8). Let y = 37 - v. List the prime factors of y.
19
Let v(o) = 2*o**2 + 33*o - 11. Let a(y) = -y**3 - 6*y**2 + 5*y - 9. Let q be a(-7). Let h(p) = -4*p + 3. Let s be h(q). List the prime factors of v(s).
2, 3
Suppose -q + 34 = 26. Suppose -2*i = 3*i + 4*r - q, -i - 4*r = 8. Suppose -d = 3 - i, 237 = 5*u + 2*d. List the prime factors of u.
47
Suppose -6224*o + 6212*o + 77004 = 0. What are the prime factors of o?
3, 23, 31
Suppose -6*r + 8*r - 4759 = x, 0 = r + 2*x - 2387. What are the prime factors of r?
2381
Suppose 0 = 31*a + 19381 - 380779. What are the prime factors of a?
2, 3, 29, 67
Let q(r) = 3*r + 62. Suppose 0 = -15*d + 129 + 36. What are the prime factors of q(d)?
5, 19
Let s be (-4)/(-26) - 2490/(-39). Let k = s + -36. Let r = 54 - k. List the prime factors of r.
2, 13
Suppose -34*r + 833280 = r - 4*r. List the prime factors of r.
2, 3, 5, 7
List the prime factors of (145845/120 + 7)*8.
7, 11, 127
Let j(x) = -9*x - 34. Let y be j(-4). Suppose -2*b + 0*c - 4*c = 426, -4*b = y*c + 840. Let k = -131 - b. List the prime factors of k.
2, 3, 13
Let i(z) = -12*z + 96 + 16*z**2 - 13*z**2 - z**2. Let n be i(29). Suppose -8*y + 658 + n = 0. What are the prime factors of y?
3, 29
Let g(b) = b**2 - 3*b**2 + 49 + 84*b - 1. What are the prime factors of g(30)?
2, 3
Suppose 15*m = 38906 + 214729. What are the prime factors of m?
37, 457
Let t = -32231 + 55366. List the prime factors of t.
5, 7, 661
Let d(r) = -r**3 + 29*r**2 + 63*r + 83. Suppose -z + 34 = -t, -z + 2*t - 3*t = -28. List the prime factors of d(z).
2, 3, 19
Suppose -3*u = -839 - 631. Suppose u = n + 5*k + 98, -2*n - 3*k = -798. What are the prime factors of n?
2, 3, 67
Let j = 8615 + -4210. What are the prime factors of j?
5, 881
Suppose -76*q = 20*q - 614304. What are the prime factors of q?
3, 79
Let q(p) = -218*p + 7. Let j(s) = -s**2 - 11*s + 40. Let m be j(-14). What are the prime factors of q(m)?
443
List the prime factors of 3/(-2)*-1*(-2 + 4*2586).
3, 5171
Let v = -33 + 35. Suppose -10 = -g + v*n - 5, 0 = n. List the prime factors of ((-14)/(-4))/(g/20).
2, 7
Let s(g) = -6*g + 3. Let r be s(-1). Suppose r*c - 1879 + 52 = 0. List the prime factors of c.
7, 29
Let x be 1 - (-1)/(5/14440). Suppose -11*g = -20*g + x. List the prime factors of g.
3, 107
What are the prime factors of -11 - (-29)/4 - 6/(-8) - -6657?
2, 3, 1109
Let g(y) = 8*y**2 - 2 - 2 + 8 - y + 19*y**2. Let u be g(3). Let d = -145 + u. What are the prime factors of d?
3, 11
Let m(d) = 11*d**2 - 32*d + 139. Let s be m(8). Suppose 5*p = 15, 5*p - p + s = c. List the prime factors of c.
599
Suppose 25*m + 4*m = 3*m + 642044. List the prime factors of m.
2, 12347
List the prime factors of ((-28)/(-30) - 32/320) + (-16145)/(-30).
7, 11
Suppose -9*m + 10*m + 13 = 0. Let c be (m - -5)*(-1)/2. List the prime factors of ((-158)/(-4))/(2/c).
79
Let x = 281 - -684. Suppose 330 = m + 3*f, -2*f - 2*f = 3*m - x. What are the prime factors of m?
3, 5, 7
Let x(m) = m**3 + 20*m**2 - 11*m - 5. Let i(a) = -a**3 - 22*a**2 + 11*a + 6. Let c(k) = -6*i(k) - 7*x(k). List the prime factors of c(-13).
701
Suppose 3 = -3*w, 0*t - 4*t + 5 = 3*w. List the prime factors of 13/(10/18 + t/(-9)).
3, 13
Suppose 0 = -u + 43*u - 84. Let f(i) = -i + 9. Let d be f(5). Suppose -4*y - 5*k = -667, 6 = d*k - u*k. What are the prime factors of y?
163
Let p = 5961 - 444. What are the prime factors of p?
3, 613
Let c(q) = 101*q**2 - 129*q + 217. What are the prime factors of c(17)?
3, 47, 193
Suppose 14531 = 10*h + 4721. Suppose 4*x - 8*f - h = -13*f, x - 261 = 4*f. Suppose -x - 381 = -5*c. What are the prime factors of c?
2, 3, 7
Let z be (0/(-1))/(2 - -1). Suppose -4*p + 16 = p - o, z = -p - 3*o. Suppose -p*u - 76 = -4*u - 2*y, 3*y - 352 = -5*u. What are the prime factors of u?
2, 17
Let l(t) = 34*t + 2206. List the prime factors of l(31).
2, 5, 163
Suppose 5*r + i + 3*i = 23160, 13896 = 3*r - 2*i. What are the prime factors of r?
2, 3, 193
Let k be (2360/16)/(1/2). Let t = k + -107. List the prime factors of t.
2, 47
Let u = -451 - -576. What are the prime factors of 92/(5/u*5)?
2, 5, 23
Let o(z) be the first derivative of -4/3*z**3 - 5/2*z**2 + 4*z + 1/2*z**4 + 24. What are the prime factors of o(5)?
3, 43
Su